{"id":328,"date":"2023-02-22T10:30:17","date_gmt":"2023-02-22T09:30:17","guid":{"rendered":"https:\/\/www.dolsat.pl\/?page_id=328"},"modified":"2024-11-18T10:02:59","modified_gmt":"2024-11-18T09:02:59","slug":"zarzad","status":"publish","type":"page","link":"https:\/\/www.dolsat.pl\/?page_id=328","title":{"rendered":"Zarz\u0105d"},"content":{"rendered":"\t\t<div data-elementor-type=\"wp-page\" data-elementor-id=\"328\" class=\"elementor elementor-328\">\n\t\t\t\t\t\t<section class=\"elementor-section elementor-top-section elementor-element elementor-element-e7e41af elementor-section-boxed elementor-section-height-default elementor-section-height-default\" data-id=\"e7e41af\" data-element_type=\"section\">\n\t\t\t\t\t\t<div class=\"elementor-container elementor-column-gap-default\">\n\t\t\t\t\t<div class=\"elementor-column elementor-col-100 elementor-top-column elementor-element elementor-element-441c640\" data-id=\"441c640\" data-element_type=\"column\">\n\t\t\t<div class=\"elementor-widget-wrap elementor-element-populated\">\n\t\t\t\t\t\t<div class=\"elementor-element elementor-element-1e9ca25 elementor-widget elementor-widget-heading\" data-id=\"1e9ca25\" data-element_type=\"widget\" data-widget_type=\"heading.default\">\n\t\t\t\t<div class=\"elementor-widget-container\">\n\t\t\t<h2 class=\"elementor-heading-title elementor-size-default\">Zarz\u0105d<\/h2>\t\t<\/div>\n\t\t\t\t<\/div>\n\t\t\t\t<div class=\"elementor-element elementor-element-902d3e3 elementor-widget-divider--view-line_icon elementor-view-default elementor-widget-divider--element-align-center elementor-widget elementor-widget-divider\" data-id=\"902d3e3\" data-element_type=\"widget\" data-widget_type=\"divider.default\">\n\t\t\t\t<div class=\"elementor-widget-container\">\n\t\t\t\t\t<div class=\"elementor-divider\">\n\t\t\t<span class=\"elementor-divider-separator\">\n\t\t\t\t\t\t\t<div class=\"elementor-icon elementor-divider__element\">\n\t\t\t\t\t<i aria-hidden=\"true\" class=\"far fa-building\"><\/i><\/div>\n\t\t\t\t\t\t<\/span>\n\t\t<\/div>\n\t\t\t\t<\/div>\n\t\t\t\t<\/div>\n\t\t\t\t\t<\/div>\n\t\t<\/div>\n\t\t\t\t\t<\/div>\n\t\t<\/section>\n\t\t\t\t<section class=\"elementor-section elementor-top-section elementor-element elementor-element-df96a19 elementor-section-boxed elementor-section-height-default elementor-section-height-default\" data-id=\"df96a19\" data-element_type=\"section\">\n\t\t\t\t\t\t<div class=\"elementor-container elementor-column-gap-default\">\n\t\t\t\t\t<div class=\"elementor-column elementor-col-100 elementor-top-column elementor-element elementor-element-8c39edc\" data-id=\"8c39edc\" data-element_type=\"column\">\n\t\t\t<div class=\"elementor-widget-wrap elementor-element-populated\">\n\t\t\t\t\t\t<div class=\"elementor-element elementor-element-7cb5084 elementor-widget elementor-widget-image\" data-id=\"7cb5084\" data-element_type=\"widget\" data-widget_type=\"image.default\">\n\t\t\t\t<div class=\"elementor-widget-container\">\n\t\t\t\t\t\t\t\t\t\t\t\t\t<img decoding=\"async\" width=\"150\" height=\"150\" src=\"https:\/\/www.dolsat.pl\/wp-content\/uploads\/2023\/02\/d_lakomski-150x150.jpeg\" class=\"attachment-thumbnail size-thumbnail wp-image-331\" alt=\"\" srcset=\"https:\/\/www.dolsat.pl\/wp-content\/uploads\/2023\/02\/d_lakomski-150x150.jpeg 150w, https:\/\/www.dolsat.pl\/wp-content\/uploads\/2023\/02\/d_lakomski-300x300.jpeg 300w, https:\/\/www.dolsat.pl\/wp-content\/uploads\/2023\/02\/d_lakomski.jpeg 389w\" sizes=\"(max-width: 150px) 100vw, 150px\" \/>\t\t\t\t\t\t\t\t\t\t\t\t\t<\/div>\n\t\t\t\t<\/div>\n\t\t\t\t<div class=\"elementor-element elementor-element-bd01b23 elementor-widget elementor-widget-heading\" data-id=\"bd01b23\" data-element_type=\"widget\" data-widget_type=\"heading.default\">\n\t\t\t\t<div class=\"elementor-widget-container\">\n\t\t\t<h2 class=\"elementor-heading-title elementor-size-default\">Daros\u0142aw \u0141akomski<\/h2>\t\t<\/div>\n\t\t\t\t<\/div>\n\t\t\t\t<div class=\"elementor-element elementor-element-b167195 elementor-widget elementor-widget-text-editor\" data-id=\"b167195\" data-element_type=\"widget\" data-widget_type=\"text-editor.default\">\n\t\t\t\t<div class=\"elementor-widget-container\">\n\t\t\t\t\t\t\t<p>Prezes Zarz\u0105du<\/p>\n<p><strong>Pe\u0142nione funkcje:<\/strong><br><span style=\"font-style: inherit; font-weight: inherit; background-color: var( --e-global-color-c696dce ); color: var(--ast-global-color-3);\">prezes DOLSAT Sp. z o.o. w Be\u0142chatowie<br><\/span><span style=\"font-style: inherit; font-weight: inherit; background-color: var( --e-global-color-c696dce ); color: var(--ast-global-color-3);\">doradca zarz\u0105du TOHRNET Sp. z o.o.<\/span><\/p>\n<p><strong>Wykszta\u0142cenie:<br><\/strong><span style=\"font-style: inherit; font-weight: inherit; background-color: var( --e-global-color-c696dce ); color: var(--ast-global-color-3);\">in\u017c. elektryk (automatyka nap\u0119du) &#8211; Politechnika \u0141\u00f3dzka<br><\/span><span style=\"font-style: inherit; font-weight: inherit; background-color: var( --e-global-color-c696dce ); color: var(--ast-global-color-3);\">mgr marketingu i zarz\u0105dzania (zarz\u0105dzanie strategiczne) SWSPiZ w \u0141odzi<br><\/span><span style=\"font-style: inherit; font-weight: inherit; background-color: var( --e-global-color-c696dce ); color: var(--ast-global-color-3);\">MBA Innovative Technologies &#8211; Politechnika \u0141\u00f3dzka<br><\/span><span style=\"font-style: inherit; font-weight: inherit; background-color: var( --e-global-color-c696dce ); color: var(--ast-global-color-3);\">Risk Menagement for Financial Institutions &#8211; The Executive Program ( P\u0141 &#8211; Illinois State University)<br><\/span><span style=\"font-style: inherit; font-weight: inherit; background-color: var( --e-global-color-c696dce ); color: var(--ast-global-color-3);\">z\u0142o\u017cony egzamin dla kandydat\u00f3w na cz\u0142onk\u00f3w rad nadzorczych Skarbu Pa\u0144stwa<\/span><\/p>\t\t\t\t\t\t<\/div>\n\t\t\t\t<\/div>\n\t\t\t\t<div class=\"elementor-element elementor-element-6beb7af elementor-widget-divider--view-line elementor-widget elementor-widget-divider\" data-id=\"6beb7af\" data-element_type=\"widget\" data-widget_type=\"divider.default\">\n\t\t\t\t<div class=\"elementor-widget-container\">\n\t\t\t\t\t<div class=\"elementor-divider\">\n\t\t\t<span class=\"elementor-divider-separator\">\n\t\t\t\t\t\t<\/span>\n\t\t<\/div>\n\t\t\t\t<\/div>\n\t\t\t\t<\/div>\n\t\t\t\t<div class=\"elementor-element elementor-element-6363c76 elementor-widget elementor-widget-heading\" data-id=\"6363c76\" data-element_type=\"widget\" data-widget_type=\"heading.default\">\n\t\t\t\t<div class=\"elementor-widget-container\">\n\t\t\t<h2 class=\"elementor-heading-title elementor-size-default\">Zbigniew Miko\u0142ajczyk<\/h2>\t\t<\/div>\n\t\t\t\t<\/div>\n\t\t\t\t<div class=\"elementor-element elementor-element-e298481 elementor-widget elementor-widget-text-editor\" data-id=\"e298481\" data-element_type=\"widget\" data-widget_type=\"text-editor.default\">\n\t\t\t\t<div class=\"elementor-widget-container\">\n\t\t\t\t\t\t\t<p>W-ce Prezes Zarz\u0105du<\/p>\t\t\t\t\t\t<\/div>\n\t\t\t\t<\/div>\n\t\t\t\t<div class=\"elementor-element elementor-element-db229dd elementor-widget-divider--view-line elementor-widget elementor-widget-divider\" data-id=\"db229dd\" data-element_type=\"widget\" data-widget_type=\"divider.default\">\n\t\t\t\t<div class=\"elementor-widget-container\">\n\t\t\t\t\t<div class=\"elementor-divider\">\n\t\t\t<span class=\"elementor-divider-separator\">\n\t\t\t\t\t\t<\/span>\n\t\t<\/div>\n\t\t\t\t<\/div>\n\t\t\t\t<\/div>\n\t\t\t\t<div class=\"elementor-element elementor-element-07a7df5 elementor-widget elementor-widget-heading\" data-id=\"07a7df5\" data-element_type=\"widget\" data-widget_type=\"heading.default\">\n\t\t\t\t<div class=\"elementor-widget-container\">\n\t\t\t<h2 class=\"elementor-heading-title elementor-size-default\">Tomasz Soko\u0142owski<\/h2>\t\t<\/div>\n\t\t\t\t<\/div>\n\t\t\t\t<div class=\"elementor-element elementor-element-b87ac89 elementor-widget elementor-widget-text-editor\" data-id=\"b87ac89\" data-element_type=\"widget\" data-widget_type=\"text-editor.default\">\n\t\t\t\t<div class=\"elementor-widget-container\">\n\t\t\t\t\t\t\t<p>W-ce Prezes Zarz\u0105du<\/p>\t\t\t\t\t\t<\/div>\n\t\t\t\t<\/div>\n\t\t\t\t\t<\/div>\n\t\t<\/div>\n\t\t\t\t\t<\/div>\n\t\t<\/section>\n\t\t\t\t<\/div>\n\t\t","protected":false},"excerpt":{"rendered":"<p>Zarz\u0105d Daros\u0142aw \u0141akomski Prezes Zarz\u0105du Pe\u0142nione funkcje:prezes DOLSAT Sp. z o.o. w Be\u0142chatowiedoradca zarz\u0105du TOHRNET Sp. z o.o. Wykszta\u0142cenie:in\u017c. elektryk (automatyka nap\u0119du) &#8211; Politechnika \u0141\u00f3dzkamgr marketingu i zarz\u0105dzania (zarz\u0105dzanie strategiczne) SWSPiZ w \u0141odziMBA Innovative Technologies &#8211; Politechnika \u0141\u00f3dzkaRisk Menagement for Financial Institutions &#8211; The Executive Program ( P\u0141 &#8211; Illinois State University)z\u0142o\u017cony egzamin dla kandydat\u00f3w &hellip;<\/p>\n<p class=\"read-more\"> <a class=\"\" href=\"https:\/\/www.dolsat.pl\/?page_id=328\"> <span class=\"screen-reader-text\">Zarz\u0105d<\/span> Read More &raquo;<\/a><\/p>\n","protected":false},"author":1,"featured_media":0,"parent":0,"menu_order":0,"comment_status":"closed","ping_status":"closed","template":"elementor_header_footer","meta":{"_eb_attr":"","_uag_custom_page_level_css":"","site-sidebar-layout":"default","site-content-layout":"default","ast-global-header-display":"","ast-main-header-display":"","ast-hfb-above-header-display":"","ast-hfb-below-header-display":"","ast-hfb-mobile-header-display":"","site-post-title":"","ast-breadcrumbs-content":"","ast-featured-img":"","footer-sml-layout":"","theme-transparent-header-meta":"","adv-header-id-meta":"","stick-header-meta":"","header-above-stick-meta":"","header-main-stick-meta":"","header-below-stick-meta":"","footnotes":""},"class_list":["post-328","page","type-page","status-publish","hentry"],"uagb_featured_image_src":{"full":false,"thumbnail":false,"medium":false,"medium_large":false,"large":false,"1536x1536":false,"2048x2048":false},"uagb_author_info":{"display_name":"sudo","author_link":"https:\/\/www.dolsat.pl\/?author=1"},"uagb_comment_info":0,"uagb_excerpt":"Zarz\u0105d Daros\u0142aw \u0141akomski Prezes Zarz\u0105du Pe\u0142nione funkcje:prezes DOLSAT Sp. z o.o. w Be\u0142chatowiedoradca zarz\u0105du TOHRNET Sp. z o.o. Wykszta\u0142cenie:in\u017c. elektryk (automatyka nap\u0119du) &#8211; Politechnika \u0141\u00f3dzkamgr marketingu i zarz\u0105dzania (zarz\u0105dzanie strategiczne) SWSPiZ w \u0141odziMBA Innovative Technologies &#8211; Politechnika \u0141\u00f3dzkaRisk Menagement for Financial Institutions &#8211; The Executive Program ( P\u0141 &#8211; Illinois State University)z\u0142o\u017cony egzamin dla kandydat\u00f3w&hellip;","_links":{"self":[{"href":"https:\/\/www.dolsat.pl\/index.php?rest_route=\/wp\/v2\/pages\/328","targetHints":{"allow":["GET"]}}],"collection":[{"href":"https:\/\/www.dolsat.pl\/index.php?rest_route=\/wp\/v2\/pages"}],"about":[{"href":"https:\/\/www.dolsat.pl\/index.php?rest_route=\/wp\/v2\/types\/page"}],"author":[{"embeddable":true,"href":"https:\/\/www.dolsat.pl\/index.php?rest_route=\/wp\/v2\/users\/1"}],"replies":[{"embeddable":true,"href":"https:\/\/www.dolsat.pl\/index.php?rest_route=%2Fwp%2Fv2%2Fcomments&post=328"}],"version-history":[{"count":13,"href":"https:\/\/www.dolsat.pl\/index.php?rest_route=\/wp\/v2\/pages\/328\/revisions"}],"predecessor-version":[{"id":852,"href":"https:\/\/www.dolsat.pl\/index.php?rest_route=\/wp\/v2\/pages\/328\/revisions\/852"}],"wp:attachment":[{"href":"https:\/\/www.dolsat.pl\/index.php?rest_route=%2Fwp%2Fv2%2Fmedia&parent=328"}],"curies":[{"name":"wp","href":"https:\/\/api.w.org\/{rel}","templated":true}]}}