{"id":392,"date":"2023-02-24T09:15:45","date_gmt":"2023-02-24T08:15:45","guid":{"rendered":"https:\/\/www.dolsat.pl\/?page_id=392"},"modified":"2024-11-05T08:47:28","modified_gmt":"2024-11-05T07:47:28","slug":"cyfrowe-pakiety-premium","status":"publish","type":"page","link":"https:\/\/www.dolsat.pl\/?page_id=392","title":{"rendered":"Cyfrowe pakiety premium"},"content":{"rendered":"\t\t<div data-elementor-type=\"wp-page\" data-elementor-id=\"392\" class=\"elementor elementor-392\">\n\t\t\t\t\t\t<section class=\"elementor-section elementor-top-section elementor-element elementor-element-e7e41af elementor-section-boxed elementor-section-height-default elementor-section-height-default\" data-id=\"e7e41af\" data-element_type=\"section\">\n\t\t\t\t\t\t<div class=\"elementor-container elementor-column-gap-default\">\n\t\t\t\t\t<div class=\"elementor-column elementor-col-100 elementor-top-column elementor-element elementor-element-441c640\" data-id=\"441c640\" data-element_type=\"column\">\n\t\t\t<div class=\"elementor-widget-wrap elementor-element-populated\">\n\t\t\t\t\t\t<div class=\"elementor-element elementor-element-1e9ca25 elementor-widget elementor-widget-heading\" data-id=\"1e9ca25\" data-element_type=\"widget\" data-widget_type=\"heading.default\">\n\t\t\t\t<div class=\"elementor-widget-container\">\n\t\t\t<h2 class=\"elementor-heading-title elementor-size-default\">Cyfrowe pakiety premium<\/h2>\t\t<\/div>\n\t\t\t\t<\/div>\n\t\t\t\t<div class=\"elementor-element elementor-element-902d3e3 elementor-widget-divider--view-line_icon elementor-view-default elementor-widget-divider--element-align-center elementor-widget elementor-widget-divider\" data-id=\"902d3e3\" data-element_type=\"widget\" data-widget_type=\"divider.default\">\n\t\t\t\t<div class=\"elementor-widget-container\">\n\t\t\t\t\t<div class=\"elementor-divider\">\n\t\t\t<span class=\"elementor-divider-separator\">\n\t\t\t\t\t\t\t<div class=\"elementor-icon elementor-divider__element\">\n\t\t\t\t\t<i aria-hidden=\"true\" class=\"far fa-building\"><\/i><\/div>\n\t\t\t\t\t\t<\/span>\n\t\t<\/div>\n\t\t\t\t<\/div>\n\t\t\t\t<\/div>\n\t\t\t\t\t<\/div>\n\t\t<\/div>\n\t\t\t\t\t<\/div>\n\t\t<\/section>\n\t\t\t\t<section class=\"elementor-section elementor-top-section elementor-element elementor-element-df96a19 elementor-section-boxed elementor-section-height-default elementor-section-height-default\" data-id=\"df96a19\" data-element_type=\"section\">\n\t\t\t\t\t\t<div class=\"elementor-container elementor-column-gap-default\">\n\t\t\t\t\t<div class=\"elementor-column elementor-col-100 elementor-top-column elementor-element elementor-element-8c39edc\" data-id=\"8c39edc\" data-element_type=\"column\">\n\t\t\t<div class=\"elementor-widget-wrap elementor-element-populated\">\n\t\t\t\t\t\t<div class=\"elementor-element elementor-element-7cb5084 elementor-widget elementor-widget-image\" data-id=\"7cb5084\" data-element_type=\"widget\" data-widget_type=\"image.default\">\n\t\t\t\t<div class=\"elementor-widget-container\">\n\t\t\t\t\t\t\t\t\t\t\t\t\t<img fetchpriority=\"high\" decoding=\"async\" width=\"500\" height=\"204\" src=\"https:\/\/www.dolsat.pl\/wp-content\/uploads\/2023\/02\/napis.png\" class=\"attachment-large size-large wp-image-394\" alt=\"\" srcset=\"https:\/\/www.dolsat.pl\/wp-content\/uploads\/2023\/02\/napis.png 500w, https:\/\/www.dolsat.pl\/wp-content\/uploads\/2023\/02\/napis-300x122.png 300w\" sizes=\"(max-width: 500px) 100vw, 500px\" \/>\t\t\t\t\t\t\t\t\t\t\t\t\t<\/div>\n\t\t\t\t<\/div>\n\t\t\t\t<div class=\"elementor-element elementor-element-6beb7af elementor-widget-divider--view-line elementor-widget elementor-widget-divider\" data-id=\"6beb7af\" data-element_type=\"widget\" data-widget_type=\"divider.default\">\n\t\t\t\t<div class=\"elementor-widget-container\">\n\t\t\t\t\t<div class=\"elementor-divider\">\n\t\t\t<span class=\"elementor-divider-separator\">\n\t\t\t\t\t\t<\/span>\n\t\t<\/div>\n\t\t\t\t<\/div>\n\t\t\t\t<\/div>\n\t\t\t\t<div class=\"elementor-element elementor-element-e298481 elementor-widget elementor-widget-text-editor\" data-id=\"e298481\" data-element_type=\"widget\" data-widget_type=\"text-editor.default\">\n\t\t\t\t<div class=\"elementor-widget-container\">\n\t\t\t\t\t\t\t<p>Dla koneser\u00f3w mamy jeszcze bogatsz\u0105 ofert\u0119 z programami <strong>PREMIUM i du\u017c\u0105 liczb\u0105 kana\u0142\u00f3w HD.<br \/><br \/><\/strong>Dwukierunkowy dekoder zapewnia r\u00f3wnie\u017c wygodny dost\u0119p do dodatkowych informacji, og\u0142osze\u0144 i archiwum program\u00f3w lokalnych TKB.<strong><br \/><\/strong><\/p>\t\t\t\t\t\t<\/div>\n\t\t\t\t<\/div>\n\t\t\t\t\t<\/div>\n\t\t<\/div>\n\t\t\t\t\t<\/div>\n\t\t<\/section>\n\t\t\t\t<section class=\"elementor-section elementor-top-section elementor-element elementor-element-ccbd7e5 elementor-section-boxed elementor-section-height-default elementor-section-height-default\" data-id=\"ccbd7e5\" data-element_type=\"section\">\n\t\t\t\t\t\t<div class=\"elementor-container elementor-column-gap-default\">\n\t\t\t\t\t<div class=\"elementor-column elementor-col-50 elementor-top-column elementor-element elementor-element-a8d53f0\" data-id=\"a8d53f0\" data-element_type=\"column\">\n\t\t\t<div class=\"elementor-widget-wrap elementor-element-populated\">\n\t\t\t\t\t\t<div class=\"elementor-element elementor-element-0f5cc3f eael-pricing-content-align-center eael-pricing-button-align-center elementor-widget elementor-widget-eael-pricing-table\" data-id=\"0f5cc3f\" data-element_type=\"widget\" data-widget_type=\"eael-pricing-table.default\">\n\t\t\t\t<div class=\"elementor-widget-container\">\n\t\t\t                    <div class=\"eael-pricing style-1\" >\n                <div class=\"eael-pricing-item \">\n                    <div class=\"header\">\n                        <h2 class=\"title\"><span style=\"font-size:15px\">PAKIET PREMIUM<\/span><br \/>EXTRA HD<\/h2>\n                    <\/div>\n                    <div class=\"eael-pricing-tag\">\n                        <span class=\"price-tag\"><span class=\"original-price\"><span class=\"price-currency\"><\/span>ju\u017c od 39,90 z\u0142<\/span><\/span><span class=\"price-period\">\/mc<\/span>                    <\/div>\n                    <div class=\"body\">\n                                <ul>\n                            <li class=\"elementor-repeater-item-a7f7498\">\n                    \n                    \n            <span class=\"li-icon\" style=\"color:var( --e-global-color-accent );fill:var( --e-global-color-accent );\" >\n                <i aria-hidden=\"true\" class=\"fas fa-tv\"><\/i>            <\/span>\n\n        \n                    <span >35 kana\u0142\u00f3w cyfrowych<\/span>\n                    \n                     \n                <\/li>\n                            <li class=\"elementor-repeater-item-5b8331e\">\n                    \n                    \n            <span class=\"li-icon\" style=\"color:var( --e-global-color-accent );fill:var( --e-global-color-accent );\" >\n                <i aria-hidden=\"true\" class=\"fas fa-tv\"><\/i>            <\/span>\n\n        \n                    <span >30 kana\u0142\u00f3w w <strong>jako\u015bci HD<\/strong><\/span>\n                    \n                     \n                <\/li>\n                    <\/ul>\n                        <\/div>\n\t                                    <div class=\"footer\">\n                        <a class=\"eael-pricing-button\" href=\"\/wp-content\/c\/promocje\/przekierowanie_telewizja.html\" >\n                                                                                            Zam\u00f3w Pakiet                                                    <\/a>\n                    <\/div>\n                                    <\/div>\n            <\/div>\n                \t\t<\/div>\n\t\t\t\t<\/div>\n\t\t\t\t\t<\/div>\n\t\t<\/div>\n\t\t\t\t<div class=\"elementor-column elementor-col-50 elementor-top-column elementor-element elementor-element-b713c12\" data-id=\"b713c12\" data-element_type=\"column\">\n\t\t\t<div class=\"elementor-widget-wrap elementor-element-populated\">\n\t\t\t\t\t\t<div class=\"elementor-element elementor-element-98a4721 eael-pricing-content-align-center eael-pricing-button-align-center elementor-widget elementor-widget-eael-pricing-table\" data-id=\"98a4721\" data-element_type=\"widget\" data-widget_type=\"eael-pricing-table.default\">\n\t\t\t\t<div class=\"elementor-widget-container\">\n\t\t\t                    <div class=\"eael-pricing style-1\" >\n                <div class=\"eael-pricing-item \">\n                    <div class=\"header\">\n                        <h2 class=\"title\"><span style=\"font-size:15px\">PAKIET PREMIUM<\/span><br \/>HBOMAX HD <br \/><\/h2>\n                    <\/div>\n                    <div class=\"eael-pricing-tag\">\n                        <span class=\"price-tag\"><span class=\"original-price\"><span class=\"price-currency\"><\/span>ju\u017c od 39,90 z\u0142<\/span><\/span><span class=\"price-period\">\/mc<\/span>                    <\/div>\n                    <div class=\"body\">\n                                <ul>\n                            <li class=\"elementor-repeater-item-a7f7498\">\n                    \n                    \n            <span class=\"li-icon\" style=\"color:var( --e-global-color-accent );fill:var( --e-global-color-accent );\" >\n                <i aria-hidden=\"true\" class=\"fas fa-tv\"><\/i>            <\/span>\n\n        \n                    <span >3 kana\u0142y HBO HD<\/span>\n                    \n                     \n                <\/li>\n                            <li class=\"elementor-repeater-item-5b8331e\">\n                    \n                    \n            <span class=\"li-icon\" style=\"color:var( --e-global-color-accent );fill:var( --e-global-color-accent );\" >\n                <i aria-hidden=\"true\" class=\"fas fa-tv\"><\/i>            <\/span>\n\n        \n                    <span >2 kana\u0142y Cinemax HD<\/span>\n                    \n                     \n                <\/li>\n                    <\/ul>\n                        <\/div>\n\t                                    <div class=\"footer\">\n                        <a class=\"eael-pricing-button\" href=\"\/wp-content\/c\/promocje\/przekierowanie_telewizja.html\" >\n                                                                                            Zam\u00f3w Pakiet                                                    <\/a>\n                    <\/div>\n                                    <\/div>\n            <\/div>\n                \t\t<\/div>\n\t\t\t\t<\/div>\n\t\t\t\t\t<\/div>\n\t\t<\/div>\n\t\t\t\t\t<\/div>\n\t\t<\/section>\n\t\t\t\t<\/div>\n\t\t","protected":false},"excerpt":{"rendered":"<p>Cyfrowe pakiety premium Dla koneser\u00f3w mamy jeszcze bogatsz\u0105 ofert\u0119 z programami PREMIUM i du\u017c\u0105 liczb\u0105 kana\u0142\u00f3w HD. Dwukierunkowy dekoder zapewnia r\u00f3wnie\u017c wygodny dost\u0119p do dodatkowych informacji, og\u0142osze\u0144 i archiwum program\u00f3w lokalnych TKB. PAKIET PREMIUMEXTRA HD ju\u017c od 39,90 z\u0142\/mc 35 kana\u0142\u00f3w cyfrowych 30 kana\u0142\u00f3w w jako\u015bci HD Zam\u00f3w Pakiet PAKIET PREMIUMHBOMAX HD ju\u017c od 39,90 &hellip;<\/p>\n<p class=\"read-more\"> <a class=\"\" href=\"https:\/\/www.dolsat.pl\/?page_id=392\"> <span class=\"screen-reader-text\">Cyfrowe pakiety premium<\/span> Read More &raquo;<\/a><\/p>\n","protected":false},"author":1,"featured_media":0,"parent":0,"menu_order":0,"comment_status":"closed","ping_status":"closed","template":"elementor_header_footer","meta":{"_eb_attr":"","_uag_custom_page_level_css":"","site-sidebar-layout":"default","site-content-layout":"default","ast-global-header-display":"","ast-main-header-display":"","ast-hfb-above-header-display":"","ast-hfb-below-header-display":"","ast-hfb-mobile-header-display":"","site-post-title":"","ast-breadcrumbs-content":"","ast-featured-img":"","footer-sml-layout":"","theme-transparent-header-meta":"","adv-header-id-meta":"","stick-header-meta":"","header-above-stick-meta":"","header-main-stick-meta":"","header-below-stick-meta":"","footnotes":""},"class_list":["post-392","page","type-page","status-publish","hentry"],"uagb_featured_image_src":{"full":false,"thumbnail":false,"medium":false,"medium_large":false,"large":false,"1536x1536":false,"2048x2048":false},"uagb_author_info":{"display_name":"sudo","author_link":"https:\/\/www.dolsat.pl\/?author=1"},"uagb_comment_info":0,"uagb_excerpt":"Cyfrowe pakiety premium Dla koneser\u00f3w mamy jeszcze bogatsz\u0105 ofert\u0119 z programami PREMIUM i du\u017c\u0105 liczb\u0105 kana\u0142\u00f3w HD. Dwukierunkowy dekoder zapewnia r\u00f3wnie\u017c wygodny dost\u0119p do dodatkowych informacji, og\u0142osze\u0144 i archiwum program\u00f3w lokalnych TKB. PAKIET PREMIUMEXTRA HD ju\u017c od 39,90 z\u0142\/mc 35 kana\u0142\u00f3w cyfrowych 30 kana\u0142\u00f3w w jako\u015bci HD Zam\u00f3w Pakiet PAKIET PREMIUMHBOMAX HD ju\u017c od 39,90&hellip;","_links":{"self":[{"href":"https:\/\/www.dolsat.pl\/index.php?rest_route=\/wp\/v2\/pages\/392","targetHints":{"allow":["GET"]}}],"collection":[{"href":"https:\/\/www.dolsat.pl\/index.php?rest_route=\/wp\/v2\/pages"}],"about":[{"href":"https:\/\/www.dolsat.pl\/index.php?rest_route=\/wp\/v2\/types\/page"}],"author":[{"embeddable":true,"href":"https:\/\/www.dolsat.pl\/index.php?rest_route=\/wp\/v2\/users\/1"}],"replies":[{"embeddable":true,"href":"https:\/\/www.dolsat.pl\/index.php?rest_route=%2Fwp%2Fv2%2Fcomments&post=392"}],"version-history":[{"count":25,"href":"https:\/\/www.dolsat.pl\/index.php?rest_route=\/wp\/v2\/pages\/392\/revisions"}],"predecessor-version":[{"id":821,"href":"https:\/\/www.dolsat.pl\/index.php?rest_route=\/wp\/v2\/pages\/392\/revisions\/821"}],"wp:attachment":[{"href":"https:\/\/www.dolsat.pl\/index.php?rest_route=%2Fwp%2Fv2%2Fmedia&parent=392"}],"curies":[{"name":"wp","href":"https:\/\/api.w.org\/{rel}","templated":true}]}}